 -3 + -2 + (0 - -7)?
2
Calculate -2 - ((2 + 1 - 1) + 1).
-5
What is the value of 4 + -2 + 5 + -3 - 6?
-2
(3 - 11) + 11 + 1 + -2
2
-4 + 2 + 5 - 7
-4
What is the value of -1 - (-2 + (-4 - -5))?
0
Evaluate 4 - (7 + -4) - (5 + 1).
-5
Evaluate -3 - (2 - -2) - -6.
-1
Evaluate -3 + -7 + 3 + 8.
1
Calculate (-4 - (-3 - 11)) + -2 - 4.
4
Evaluate 2 - ((-4 - (-6 + 7)) + 1).
6
Calculate -4 + 2 + 1 + -5 + 7.
1
What is the value of (5 - 0) + 2 + -11 + 1?
-3
What is the value of 6 + 0 - (1 + -2)?
7
2 + 2 + (6 - 1) + -4
5
What is the value of 4 + 0 + -2 + (1 - 0)?
3
What is -1 + (-4 - -2) + -87 + 95?
5
What is 1 + 0 + 1 + (-5 - -2)?
-1
Evaluate -7 + ((0 - 2) + 2 - -2).
-5
-64 + 68 + (-2 + 5 - 2)
5
What is the value of 7 + (-6 - -4 - -2) + -3?
4
Evaluate (16 - (2 - -4) - 5) + -7.
-2
7 + (-7 - (-6 - (3 - 2)))
7
Calculate (-1 - 2) + (-13 - -9) + -2.
-9
Calculate -6 + 2 + 3 + -1.
-2
What is the value of -5 + 7 + (7 - (-2 + 4))?
7
(1 - 2) + -4 + -2 + 3
-4
What is -4 + (1 + 7 - 1) + 2?
5
What is the value of -3 + (-7 + -1 - -8)?
-3
4 - 7 - (4 - 1)
-6
What is 2 + 2 - ((6 - 3) + -7)?
8
Calculate -4 + (6 - 11 - -11).
2
Evaluate 1 + (10 - (2 - -16)).
-7
Calculate 5 + 7 + -13 + (2 - -3).
4
(0 - -4) + -2 + -1 + 1
2
Calculate (2 - ((-2 - -2) + 1)) + -1.
0
What is -6 + 5 + -1 + 4?
2
4 - 7 - (-2 + (-1 - 1))
1
What is -4 + (-5 - -3) - -2?
-4
What is -5 + 5 + -7 + 0 - -4?
-3
(6 - 2) + (-7 - 2 - 0)
-5
Evaluate (1 - (-3 - -10)) + 6.
0
What is (0 - (-1 - 0)) + -1 + 2?
2
What is 6 + 3 + -6 + -3?
0
Calculate -11 - (-7 - (3 - 0)).
-1
What is the value of -5 + (-2 - -9) + -6?
-4
(-16 + 2 - -5) + 17
8
Calculate -3 + (2 + -4 - 0 - -5).
0
Evaluate (5 + 3 + -5 - 3) + 3.
3
Evaluate -6 + 15 + 2 + -7.
4
Calculate -8 - (-4 + 1 - (-1 + 1)).
-5
Calculate (5 - -2) + (0 - -9 - 14).
2
What is the value of -3 + -3 + (7 - 2)?
-1
Evaluate 1 + 0 + 2 - -1.
4
6 + -2 + -2 + (-1 - 2)
-1
Calculate (-12 - 3) + (10 - 16) + 13.
-8
What is 0 + (-11 + 6 + 1 - 0)?
-4
What is the value of 4 - (-4 + 5 + -1)?
4
Calculate -1 + -2 + 5 + -4 + -3.
-5
Evaluate 0 + -11 + (85 - 75).
-1
(5 - 6) + 4 - -2
5
What is the value of 9 - (11 + -9 + 2)?
5
-4 - (3 + -5 + 3 + -3)
-2
0 + 2 + 2 + 0 - 4
0
What is the value of 5 - (2 + -2 - (14 - 14))?
5
Evaluate 1 + 6 + -6 + 3.
4
Evaluate 1 + -4 + 2 + 2 - 3.
-2
Evaluate 1 + -8 + 5 + -8 + 5.
-5
Calculate -7 + (-5 - -4 - -2) - -4.
-2
Evaluate 3 + (-1 - (-2 + 0 + 1)).
3
Evaluate 1 + 3 - (-33 - -33).
4
What is the value of -1 - (-5 - -1) - 0?
3
What is -5 + (9 - (10 + -5))?
-1
What is -5 + (18 - (3 + 5)) - 5?
0
Evaluate -2 - -3 - 2 - (3 + -3).
-1
Calculate (-82 - -79) + (-1 - -3) + 5.
4
What is the value of 1 + 6 + -3 - 6?
-2
(-2 - -2) + (9 - 6 - -3)
6
3 + -8 + -1 + 11
5
-4 + 4 + 0 - (3 + -2)
-1
What is the value of -3 + 14 + (-9 - -7)?
9
What is the value of 0 + 2 - (-1 - -2)?
1
-6 + -1 - (-14 + 7 - 1)
1
What is 11 - ((-8 - -2) + 11)?
6
What is the value of -2 - (-4 - (3 + 0))?
5
What is the value of -12 - (13 - (-10 - -41))?
6
What is the value of 7 + (-91 - -89) + -6 + 0?
-1
3 - 4 - (-4 + (-1 - -1))
3
Calculate 0 - 0 - -4 - (72 - 68).
0
3 + -9 + (1 - 2 - -3)
-4
Evaluate -10 + (-5 - 1 - -9) + 6.
-1
What is -6 - (-8 - (6 + -13))?
-5
What is -2 + 5 + -2 + 15 + -12?
4
Calculate 12 + -8 - (-1 - (0 + -8)).
-3
What is 21 + -1 - 10 - 9?
1
1 - -12 - (14 + -8 + 1)
6
Calculate -6 + 4 - (-2 - (2 + -3)).
-1
What is the value of 2 - (-7 - -7) - (1 - -1)?
0
Evaluate -8 - (12 + (-14 - 15)).
9
Evaluate -2 + 0 - -2 - (65 + -59).
-6
What is (3 - (-1 - 2)) + -2?
4
(3 - 2) + 11 + -13 - 5
-6
What is 2 + -3 - (-7 + 12 + -7)?
1
Calculate 0 + (4 - 2) + -2 - 3.
-3
Evaluate 6 + (-4 - -5) + -11.
-4
What is (-1 - -3) + -7 + 0 + 3?
-2
What is 0 + (9 - 8) - 6?
-5
Calculate -3 - 1 - (-4 + -3).
3
What is -13 - ((-5 - -2) + (15 - 18))?
-7
What is -5 + (7 - 3) - 2?
-3
What is the value of (3 - 4) + 2 + -14 + 10?
-3
What is the value of -5 - (-5 - (1 + -2))?
-1
What is (-4 - -3) + -2 + 2?
-1
Calculate (-4 - -1) + (-5 - -8).
0
What is the value of -7 - ((0 - 7) + 3)?
-3
What is 0 - (1 + (-4 - -4) - 2)?
1
Calculate -2 + (3 - 5) - -1.
-3
Calculate (-24 - -33) + 0 + -1.
8
What is 0 - (4 - (-7 - -9))?
-2
What is the value of -2 - ((-2 - -4) + 1)?
-5
2 + -13 + (17 - 11)
-5
What is the value of 5 + 3 - (16 - 4)?
-4
What is the value of -10 - (-10 + -6 + 1)?
5
4 - (-3 + 5 + 0)
2
Calculate (8 - (-3 - -4)) + (-31 - -21).
-3
What is (4 - (1 - 0)) + -4?
-1
What is (4 - -1) + -4 + -6?
-5
What is (10 - 5) + (-1 + -1 - 7)?
-4
Evaluate 1 + (1 - 0) + 4 + -1.
5
-2 + 1 - (4 + 0 + -8)
3
5 - (0 + -8) - 7
6
11 + -2 - (-17 + 33)
-7
What is the value of -1 + (4 - 2) + -3 + -1?
-3
What is the value of -3 - (-1 - -5 - 8)?
1
What is 8 + 7 + -14 + -5?
-4
What is the value of 1 + (3 + 0 - 0)?
4
Evaluate (6 - 12) + 5 + 0.
-1
Evaluate -2 + 3 + -4 - (-1 + -1).
-1
What is 3 - (-11 - -9 - (0 + -1))?
4
Evaluate 6 + -1 + (64 - 67).
2
2 + -11 + 4 - -1
-4
What is 0 + (0 - (-2 + 2))?
0
(1 - (7 + -4)) + 7 - 6
-1
What is the value of 12 + -3 + 2 + -6?
5
10 - (1 + 12) - -1
-2
(12 - 7) + (-1 - 4)
0
Calculate 5 + (2 - 0) + -15 - -2.
-6
What is the value of (6 - -1 - (-30 - -36)) + 7?
8
What is the value of 0 + -6 + 2 + -4 + 3?
-5
Calculate 2 - 5 - (1 - 3).
-1
Calculate 194 + -186 + (-1 - (2 + -1)).
6
What is 6 - (-5 - -2 - -10)?
-1
What is 1 - 0 - -4 - (14 + -4)?
-5
What is 6 - (1 - -6 - 4)?
3
Calculate -10 + 2 + 1 + 0 + 2.
-5
What is the value of 9 - (9 + (-5 - (-7 + 4)))?
2
What is -9 + (-15 - -7 - -14)?
-3
What is the value of (-5 - ((6 - 6) + 0)) + 6?
1
-7 + 1 - (-20 + 9)
5
Evaluate 1 + -2 + (-2 - -7) + -4.
0
Calculate -5 + -3 + 1 + 6.
-1
Calculate -1 + -2 + (-10 - -20).
7
What is -4 + (2 - (-6 + 5))?
-1
What is -1 - (-5 + 2) - 6?
-4
What is the value of -9 + -3 - (-9 - 7)?
4
What is 0 + (-2 - -5) - 1?
2
Evaluate 5 + 6 - (15 - 2).
-2
Calculate -10 + 1 - (-63 + 54).
0
Calculate -11 + -4 + 11 + -2 + 10.
4
-8 + 2 - ((-5 - 10) + 5)
4
Calculate -11 + (-1 - 8 - -15).
-5
What is -1 - (-4 + (4 - 4))?
3
What is the value of -1 + ((4 - 3) + 4 - 2)?
2
Evaluate 2 + (1 - -1) - (-40 - -45).
-1
Calculate ((-3 - 1) + 5 - 3) + 6.
4
What is 1 - (-10 + 13 + (0 - -1))?
-3
Calculate -20 + 0 - (14 + -25).
-9
What is 1 + 0 + 0 + 0 + 2?
3
What is the value of -4 + 1 + (0 - 1) - 1?
-5
What is -7 + (0 - (3 + -6))?
-4
Evaluate 5 + -1 + 2 + 25 + -26.
5
Evaluate 1 + 0 + -1 + 3.
3
9 - (12 - 6 - -1)
2
-7 + 0 - (-7 - 7)
7
What is the value of (0 - 0) + (-1 - 1)?
-2
What is (4 + 7 - -5) + -12?
4
8 + -5 - (-1 + 4)
0
Evaluate -2 + 1 - (-4 - (5 - 3)).
5
What is the value of -5 + (3 + -6 - (-7 + 2))?
-3
(-3 - (1 + -4 - 1)) + -6
-5
What is the value of -6 - (-9 - (-7 + (2 - 0)))?
-2
What is (2 + -1 + -3 - -2) + 0?
0
-19 - (7 + -6 - 10)
-10
Evaluate 3 - 7 - (-3 - (-3 - -7)).
3
Calculate -3 + (-1 - -1) - 2.
-5
What is the value of (-1 - (-2 + 1)) + 2?
2
1 + 1 + -1 - (-12 + 12)
1
Evaluate -7 - -6 - (-5 + (0 - 1)).
5
3 + (-1 - 1 - (-2 - -1))
2
What is -8 + 9 + (-2 - 0)?
-1
What is (9 + -5 - -1) + -4?
1
What is (4 - (9 + -6)) + -2?
-1
What is the value of -8 - ((4 - 8) + 0)?
-4
Calculate -3 - (-7 - -2) - 4 - -5.
3
Calculate -2 + 5 + 2 + -1.
4
Calculate -7 + (4 + 5 - 6).
-4
What is (1 - (3 - (4 - -1))) + -4?
-1
Evaluate 6 + -7 + 6 + -2.
3
Calculate -2 + (5 - 10) - -6.
-1
1 - 2 - (-18 - (-12 + 0))
5
What is the value of -9 - ((-8 - -5) + -2)?
-4
Evaluate 1 + (1 - (1 - (-5 - 0))).
-4
Evaluate 62 + -64 + (-1 - (0 + -2)).
-1
4 + (-4 - 7) + 13
6
Calculate (-4 - -9) + -9 - (-1 + -3).
0
What is the value of (10 + (7 - 7) - 4) + 1?
7
What is (-1 - (-7 + 14 + -7)) + -5?
-6
(0 - 0 - (-7 - -9)) + 1
-1
Calculate (-5 - (-2 + -2 + 5)) + 2.
-4
153 + -161 + 18 + -1
9
Calculate (-3 - (1 + -4)) + 3.
3
What is the value of 4 - ((0 - -6) + (-1 - 2))?
1
Evaluate 4 - (1 - 3) - 4.
2
-7 - ((9 - 5) + -5)
-6
Calculate 0 + (-4 - -10) + -11.
-5
What is the value of 0 - (-12 + -3 + 14)?
1
-20 + 22 - (2 - 5)
5
What is -6 + (10 - (-2 - -2))?
4
What is the value of -1 + 10 - (16 + -7)?
0
Calculate (11 - 6) + -6 + (0 - 0).
-1
What is the value of 0 + -2 + 2 + -1?
-1
What is 1 + 2 + (30 - 29)?
4
What is (2 - (-2 - -9 - 5)) + 4?
4
Calculate 1 + 2 + (-5 - (-4 - -6)).
-4
What is the value of 37 - 33 - (-1 - -7)?
-2
Evaluate -22 + 33 - (10 + 1).
0
Calculate 4 + (17 + -10 - 9).
2
7 + (4 + -2 - (1 - -3))
5
Evaluate (-1 + 1 - -1) + (-4 - -